). Let j be (-1)/((-3)/(27/z) + 1). Suppose -j*r = -o + 30 + 40, 5*r - 280 = -3*o. List the prime factors of o.
5, 17
Suppose 25 + 299 = 6*f. Let g = f - 99. Let v = -18 - g. What are the prime factors of v?
3
Suppose -q = 2*m + 84 + 101, -553 = 3*q + 4*m. Let c = q + 416. List the prime factors of c.
233
Let p(t) = 198*t + 6. Let j be 66 + (3/3)/(-3)*6. Let o = 65 - j. List the prime factors of p(o).
2, 3, 17
Suppose -2*d - 3*d = -5*j + 6285, 5*j + 5*d = 6335. Let v = j + 395. List the prime factors of v.
1657
Suppose -2*q + 19160 = 4*l, -8 = -63*q + 59*q. List the prime factors of l.
4789
Let b = -35257 - -61054. List the prime factors of b.
3, 8599
Let r(q) = -3*q**3 + 102*q**2 - 54. What are the prime factors of r(32)?
2, 3, 5, 7, 29
Let p(w) be the first derivative of -7*w**2 + 2*w + 1. Let t = 7302 + -7307. List the prime factors of p(t).
2, 3
Let q = 2977 + 691. List the prime factors of q.
2, 7, 131
Let v(t) = 295*t - 18. Suppose -13*x + 10*x + 6 = 0. List the prime factors of v(x).
2, 11, 13
Let o(i) be the third derivative of i**6/120 + 11*i**5/30 + 7*i**4/6 - 4*i**3 + 61*i**2. What are the prime factors of o(-20)?
2, 3
Let c be (-3)/9*-75 - -1. Suppose 296 - c = 6*b. What are the prime factors of b?
3, 5
Let v = -93 - -128. Suppose 0*x = 4*x - 8, w = -5*x + 25. What are the prime factors of 1176/w + (-14)/v?
2, 3, 13
Let d = -59 - -117. Let n = d - 54. What are the prime factors of n?
2
Suppose -15*p - 198 = -14*p. Let x = 329 + p. What are the prime factors of 3*(-1)/(-6)*(x + 3)?
67
Let j(i) = -i**3 + 14*i**2 + 4. Let f = 13 - -1. Let o be j(f). What are the prime factors of (o + 136/(-28))*-21?
2, 3
Let w(h) = -2*h + 53. Let i be w(29). List the prime factors of (2/i)/(4/(-18840)*2).
2, 3, 157
Suppose 29*r = 729 - 149. What are the prime factors of ((-1521)/12)/((-15)/r)?
13
Suppose 190*y = 192*y - 252. Let n = 1512 + y. List the prime factors of n.
2, 3, 7, 13
Let m(t) = 6*t + 16. Let f be (-42 + 48)/((-6)/8*2). Let c be m(f). What are the prime factors of 55 + (-4 - c) + -6?
53
What are the prime factors of 4995/666*1924/6?
5, 13, 37
Let s(f) = 4*f**2 - 34*f + 19. Let i(m) = m**2 - m. Suppose -2*v + 0*v = -6. Let d(k) = v*i(k) - s(k). What are the prime factors of d(21)?
191
Let y(c) = 5*c**3 - 2*c**2 - 2*c - 3. Let i be y(3). Let q be ((-49)/(-4))/(-1)*4. Let a = q + i. What are the prime factors of a?
59
Let k be ((-5)/((-15)/(-6)))/(-1). Suppose -k*y = 4*a + a + 21, a + 3 = 0. Let s(r) = 8*r**2 + r + 6. List the prime factors of s(y).
3, 5
Suppose -120*o + 23740 = -118*o. Suppose -o = -13*w - 1717. What are the prime factors of w?
11, 71
Let b be ((-2)/3)/(((-266)/147)/19). List the prime factors of (3 - b/2)/((-11)/10054).
457
Suppose -3*k + 1 = -g - 2, -3*k + 3 = -5*g. Suppose -243 = -r - 3*f, g = 5*r - 2*f - 439 - 725. List the prime factors of r.
2, 3, 13
Let g(v) = 4*v**3 - 2*v**2 - 4*v - 48. What are the prime factors of g(9)?
2, 3, 5, 89
Let j(l) = 5*l - 43. Let i be j(9). Suppose -2*f - i*g + 1395 = 485, -2311 = -5*f + 4*g. List the prime factors of f.
3, 17
Let c be (22/110)/((-1)/(-15)). Suppose -g = -m + 974, 4*g - 2304 - 618 = -c*m. What are the prime factors of m?
2, 487
Suppose 0 = -k + 99 - 0. Suppose -k = -3*q + 39. Suppose -q = 5*f - 111. List the prime factors of f.
13
Let q be -1*2*(-2586)/(-12). Let x = -293 - q. Suppose 4*w - 5*t - 240 = x, 3*w - 289 = t. List the prime factors of w.
97
Let b(o) = 5*o - 3. Let a(z) = -10*z + 1. Let v(s) = 10*s. Let l(c) = -5*a(c) - 4*v(c). Let u(n) = -7*b(n) + 4*l(n). What are the prime factors of u(13)?
2, 3, 11
Suppose -12153 - 13797 - 13411 = -7*b. List the prime factors of b.
5623
Suppose -447*t + 451*t = 29272. What are the prime factors of t?
2, 3659
Let h be (1 + -2)/(7/(-959)). Let g = h - 194. List the prime factors of g/76*4*-15.
3, 5
Let w(s) = s**2 - 4*s + 9. Let j be w(3). What are the prime factors of j + 2/3 + 4074/18?
233
What are the prime factors of (-1 - -33906)*(152/4 + -37)?
5, 6781
Let k(x) = -153*x**2 - 2*x + 7. Let m(b) = -b**2 - 1. Let r(g) = -k(g) - 2*m(g). List the prime factors of r(3).
2, 349
Let k(l) = -2*l**2 + 51*l - 55. Let c be k(22). Suppose 22 - c = -p. List the prime factors of p.
7, 11
Let i(g) be the first derivative of 19*g**3/3 - g**2/2 + 47*g - 252. What are the prime factors of i(-5)?
17, 31
Let a(i) = -3*i**3 - 51*i**2 - 104*i + 36. List the prime factors of a(-20).
2, 1429
Let g(i) = 8858*i**3 - 8*i**2 - 5*i + 6. What are the prime factors of g(1)?
53, 167
Suppose l = b + 27, 9 = -4*l + b + 123. Suppose -1802 = -46*t + l*t. What are the prime factors of t?
2, 53
Suppose -80*r + 1194864 = -24*r - 341496. List the prime factors of r.
3, 5, 31, 59
Suppose 2*z + 16 = -4*d, 0 = -3*z + 4*d - 0*d - 34. What are the prime factors of (735/(-30))/(1/z)?
5, 7
Suppose 74090 + 47370 = 20*f. What are the prime factors of f?
6073
Let z be (-111)/(-18) - ((-5)/(-6))/5. Suppose 0 = -0*o - z*o + 1020. Suppose -c = 4*c - o. What are the prime factors of c?
2, 17
Let g(n) = 834*n + 3587. What are the prime factors of g(12)?
5, 2719
Let j = -3696 - -2169. Let a = j + 2146. List the prime factors of a.
619
Suppose -8*b + 12*b = 200. Suppose b = 3*n + 8. Suppose p - 56 - n = 0. List the prime factors of p.
2, 5, 7
Suppose 3*j - 12602 = 3508. What are the prime factors of j?
2, 3, 5, 179
Let z(s) = -9*s + 4. Let a be z(5). Let x be (2 + (-51)/(-5))*(-58 + 68). Let c = a + x. List the prime factors of c.
3
Suppose 457*p = 456*p + 36247. List the prime factors of p.
67, 541
Let h = -92 + -188. List the prime factors of (((-16912)/h)/(1/(-5)))/(-1).
2, 151
Suppose -5*l = 177 - 2712. Let h = -342 + l. Suppose 16*u - 19*u + h = 0. List the prime factors of u.
5, 11
List the prime factors of (3/7)/(-14 - (-878671)/62762).
2, 4483
Let k(g) = g**2 + 23*g + 7. Let u be k(-10). Let x = u - -205. Suppose -822 + x = -10*b. What are the prime factors of b?
2, 37
Let c(r) = 42*r**2 - 144*r - 4. What are the prime factors of c(-4)?
2, 311
Let g be -2 - (5 + -10 - -3). Suppose -5*u - u + 1644 = g. List the prime factors of u.
2, 137
Suppose 16*w = 288219 - 72110 + 28867. What are the prime factors of w?
61, 251
Let z(w) = 74*w - 116. Let t be z(-27). Let k = -1153 - t. What are the prime factors of k?
31
Suppose 0 = -4*o - 4*l + 73796, -6 = 40*l - 37*l. What are the prime factors of o?
18451
Suppose 10*q = 62*q - q - 601239. List the prime factors of q.
11789
What are the prime factors of (-169)/(-52) - (4 - 1) - 579/(-4)?
5, 29
Suppose 2*j - 28901 + 8013 = 4*q, 4*j = -5*q + 41880. What are the prime factors of j?
2, 5, 523
Let k be (-116660)/(-80) - (-2)/(-8). Suppose 878 + k = 8*n. What are the prime factors of n?
2, 73
Let f be 131/4*-5 - (-1)/(-4). Let y = -73 - f. Let x = y + 4. What are the prime factors of x?
5, 19
Let i(z) = z. Let c be i(2). Suppose -4*w + c*v + 1566 = 0, -2*w - v + 124 = -665. List the prime factors of w.
3, 131
Let h(m) = 5*m + 14. Let n(t) = -6 - 2*t**3 - 10*t**2 + t - t**3 + 0*t**3 + 4*t**3. Let k be n(10). What are the prime factors of h(k)?
2, 17
Let v(z) = 36*z - 4. Let j(l) = l - 1. Let n(y) = -20*j(y) + 4*v(y). Let p = 62 - 61. What are the prime factors of n(p)?
2
Let q = 43 + -40. Suppose 4 = -t - 0, -q*u + t - 140 = 0. Let z = 102 + u. List the prime factors of z.
2, 3
Suppose x = -5*r + 42104, 12*r - 10*r - 2*x - 16832 = 0. List the prime factors of r.
2, 5, 421
Suppose 0 = 721*g - 198*g - 10038985. List the prime factors of g.
5, 11, 349
Let g(n) = 216*n**2 + 3*n - 2. Let k be g(1). Suppose k = i + 3*w, -5*w + 663 = 2*i + i. List the prime factors of i.
2, 113
Suppose i - 4*t - 14 = 0, 2*t + 3*t + 5 = -5*i. Suppose -3*a - 1 = 2*k - i, -3*k = -a + 26. List the prime factors of 2/7 + (-215)/k.
31
Let k = -5449 - -10385. List the prime factors of k.
2, 617
Let j(n) = n**3 - 17*n**2 - 20*n - 49. Let l be j(19). Let m = l - 118. What are the prime factors of m?
5, 7
Suppose 6*m = 4*m - 4. Let p be (2 + (-5 - m))*(0 + -1). What are the prime factors of (-1 - 1) + 3/p + 28?
29
Let k(q) = 38965*q + 1019. What are the prime factors of k(1)?
2, 3, 7, 17
Suppose -137 = -k - 132. Let h(a) = -6 - 4 + 24*a + 1. What are the prime factors of h(k)?
3, 37
Suppose -402590 = 143*t - 1450351. List the prime factors of t.
17, 431
Let c be ((-